{"id":130,"date":"2021-05-01T13:47:15","date_gmt":"2021-05-01T11:47:15","guid":{"rendered":"http:\/\/theseusgame.fr\/?page_id=130"},"modified":"2021-05-01T13:47:15","modified_gmt":"2021-05-01T11:47:15","slug":"debloquer-le-generique","status":"publish","type":"page","link":"http:\/\/theseusgame.fr\/index.php\/debloquer-le-generique\/","title":{"rendered":"D\u00e9bloquer le G\u00e9n\u00e9rique"},"content":{"rendered":"\n<p>La lecture des textes associ\u00e9s au Theseus Game est pens\u00e9e comme non lin\u00e9aire, chaque partie est ind\u00e9pendante et peut \u00eatre lue s\u00e9par\u00e9ment. Mais pour d\u00e9bloquer le g\u00e9n\u00e9rique du jeu, il faut \u00eatre particuli\u00e8rement attentif et r\u00e9aliser toutes les combinaisons dans l&rsquo;ordre indiqu\u00e9 par le livret, sans se tromper ! Sur le site du jeu apparait alors une nouvelle page o\u00f9 sont affich\u00e9s bibliographie et remerciements. Si vous ne parvenez pas \u00e0 aller jusqu&rsquo;au bout des combinaisons, nous les avons recopi\u00e9es pour vous ci-dessous ! <\/p>\n\n\n<h2 class=\"wp-block-heading\">Remerciements<\/h2>\n\n\n<p>Je remercie mes tuteurs, pour m&rsquo;avoir toujours soutenue dans ce projet un peu farfelu. Merci \u00e9galement \u00e0 mes parents, qui ne comprennent pas toujours ce que je fais, mais sont toujours pr\u00eats \u00e0 m&rsquo;\u00e9couter et m&rsquo;aider. Sans eux, ce projet n&rsquo;aurait jamais vu le jour. Merci \u00e9galement \u00e0 mes comp\u00e8res du collectif Ka\u00efros, Manon, Eva, nos discussions ont construit ce projet. Merci \u00e0 tous les responsables d&rsquo;ateliers, ainsi qu&rsquo;\u00e0 Sylvain, pour toute l&rsquo;aide technique qu&rsquo;on a pu m&rsquo;apporter. <br \/><br \/>(c&rsquo;est si long, d\u00e9sol\u00e9e, on se croirait \u00e0 la c\u00e9r\u00e9monie des oscars, mais bon, si vous \u00eates parvenus jusqu&rsquo;ici c&rsquo;est que vous avez du courage \u00e0 revendre, donc place \u00e0 la bibliographie) <\/p>\n\n\n<h2 class=\"wp-block-heading\">Bibliographie : <\/h2>\n\n\n<h5 class=\"wp-block-heading\"><strong>Ouvrages<\/strong><\/h5>\n\n\n<p style=\"line-height:1.5\">Alain Damasio, <a href=\"https:\/\/lavolte.net\/livres\/les-furtifs-alain-damasio\/\"><em>Les Furtif<\/em><\/a>, La Volte, 2019\u00a0<\/p>\n\n\n<p style=\"line-height:1.5\">Anthony Masure, <a href=\"https:\/\/editions-b42.com\/produit\/design-et-humanites-numeriques\/\"><em>Design et humanit\u00e9s num\u00e9riques,<\/em><\/a> Collection Esth\u00e9tique des donn\u00e9es, Nicolas Th\u00e9ly, \u00c9ditions B42, 2017,<\/p>\n\n\n<p style=\"line-height:1.5\">Cathy O&rsquo;Neil, <a href=\"https:\/\/www.arenes.fr\/livre\/algorithmes-la-bombe-a-retardement\/\"><em>Algorithmes, La bombe \u00e0 retardement<\/em><\/a><em>, <\/em>Les Arenes Eds, 2018<\/p>\n\n\n<p style=\"line-height:1.5\">Diderot, <em><a href=\"https:\/\/gallica.bnf.fr\/ark:\/12148\/bpt6k5785794x\/f19.item#\">L\u2019Encyclop\u00e9die<\/a><\/em>, Article Encyclop\u00e9die,1755<\/p>\n\n\n<p style=\"line-height:1.5\">Dominique Cardon <a href=\"https:\/\/www.seuil.com\/ouvrage\/a-quoi-revent-les-algorithmes-dominique-cardon\/9782021279962\"><em>A quoi r\u00eavent les algorithmes<\/em><\/a><em>,nos vies \u00e0 l\u2019heure du big data, <\/em>Le seuil, 2015&nbsp;<\/p>\n\n\n<p style=\"line-height:1.5\">Dominique Cardon, <a href=\"http:\/\/www.pressesdesciencespo.fr\/fr\/book\/?GCOI=27246100540390\">Culture<em> num\u00e9rique<\/em><\/a>, \u00e9dition Presses De Sciences Po, 2019&nbsp;<\/p>\n\n\n<p style=\"line-height:1.5\">Edouard Bernays,<em> <a href=\"https:\/\/www.editionsladecouverte.fr\/propaganda-9782355220012\">Propaganda, Comment manipuler l&rsquo;opinion en d\u00e9mocratie<\/a><\/em>, \u00c9ditions La D\u00e9couverte, Premi\u00e8re parution (US) en 1928<\/p>\n\n\n<p style=\"line-height:1.5\">Emmanuel Guy, <a href=\"https:\/\/editions-b42.com\/produit\/le-jeu-de-la-guerre-de-guy-debord\/\"><em>Le jeu de la guerre de Guy debord<\/em><\/a><em>, L\u2019\u00e9mancipation comme projet, <\/em>&nbsp;\u00c9dition B42, 2020<\/p>\n\n\n<p style=\"line-height:1.5\">\u00c9ric Sadin, <em><a href=\"https:\/\/journals.openedition.org\/lectures\/17973\">La Vie algorithmique. Critique de la raison num\u00e9rique<\/a>,<\/em> Paris, L&rsquo;\u00c9chapp\u00e9e, coll. \u00ab Pour en finir avec \u00bb, 2015<\/p>\n\n\n<p style=\"line-height:1.5\">Ernst Leonardy, <a href=\"http:\/\/books.openedition.org\/pusl\/6360\"><em>Le signe du labyrinthe dans le miroir de ses lectures successives<\/em><\/a> Dans Labyrinthe : Parcours \u00e9thiques [en ligne]. Bruxelles : Presses de l\u2019Universit\u00e9 Saint-Louis, 1986\u00a0<\/p>\n\n\n<p style=\"line-height:1.5\">Gilles Deleuze, <a href=\"https:\/\/www.cairn.info\/revue-ecorev-2018-1-page-5.htm\"><em>Les soci\u00e9t\u00e9s de contr\u00f4le<\/em><\/a> Dans EcoRev&rsquo; 2018\/1 (N\u00b0 46), pages 5 \u00e0 12<\/p>\n\n\n<p>Guy Debord , <a href=\"http:\/\/www.gallimard.fr\/Catalogue\/GALLIMARD\/Blanche\/La-Societe-du-Spectacle\">La soci\u00e9t\u00e9 du spectacle,<\/a> Gallimard, premi\u00e8re parution en 1967<\/p>\n\n\n<p style=\"line-height:1.5\">Hartmut Rosa, <a href=\"https:\/\/www.editionsladecouverte.fr\/alienation_et_acceleration-9782707182067\"><em>Acc\u00e9l\u00e9ration et Ali\u00e9nation<\/em><\/a>, \u00e9ditions La D\u00e9couverte, 2014.<\/p>\n\n\n<p style=\"line-height:1.5\">Hartmut Rosa, <a href=\"https:\/\/www.editionsladecouverte.fr\/rendre_le_monde_indisponible-9782348045882\"><em>Rendre le Monde Indisponible<\/em><\/a>, \u00e9dition La d\u00e9couverte, Paris 2020.&nbsp;<\/p>\n\n\n<p style=\"line-height:1.5\">Helen Nissenbaum, Finn Brunton, <a href=\"https:\/\/mitpress.mit.edu\/books\/obfuscation\"><em>Obfuscation : A user guide for privacy and protest <\/em><\/a>, MIT Press, 2015<\/p>\n\n\n<p style=\"line-height:1.5\">H\u00e9l\u00e8ne L&rsquo;Heuillet, <a href=\"https:\/\/www.albin-michel.fr\/ouvrages\/eloge-du-retard-9782226443045\"><em>Eloge du retard<\/em>,<\/a>&nbsp; Albin Michel, janvier 2020<\/p>\n\n\n<p style=\"line-height:1.5\">Huizinga, Johan.<em> <\/em><a href=\"http:\/\/www.gallimard.fr\/Catalogue\/GALLIMARD\/Tel\/Homo-ludens\"><em>Homo Ludens. Essai sur la fonction sociale du jeu<\/em><\/a><em>, <\/em>Gallimard, parution en 1951<\/p>\n\n\n<p style=\"line-height:1.5\">Jonathan Crary, 24\/7. <a href=\"https:\/\/www.editionsladecouverte.fr\/24_7-9782707191199\"><em>Le capitalisme \u00e0 l\u2019assaut du sommeil<\/em><\/a>, \u00e9ditions La D\u00e9couverte, 2016.<\/p>\n\n\n<p style=\"line-height:1.5\">Jorge Luis Borges, <a href=\"http:\/\/www.folio-lesite.fr\/Catalogue\/Folio\/Folio\/Fictions\"><em>Fictions<\/em><\/a>, collection Folio (n\u00b0 614), Gallimard, premi\u00e8re parution en 1944<\/p>\n\n\n<p style=\"line-height:1.5\">Mathieu Triclot, <a href=\"https:\/\/journals.openedition.org\/lectures\/5906\"><em>Philosophie des jeux vid\u00e9o<\/em>,<\/a> Paris, Zones, 2011<\/p>\n\n\n<p style=\"line-height:1.5\">Matthew B. Crawford, <a href=\"https:\/\/www.editionsladecouverte.fr\/contact-9782707186621#:~:text=Crawford%20revient%20%C3%A0%20la%20charge,autrui%C2%BB%2C%20afin%20de%20%C2%ABmieux\"><em>Contact. Pourquoi nous avons perdu le monde, et comment le retrouver<\/em><\/a>, \u00e9ditions La D\u00e9couverte, 2016.<\/p>\n\n\n<p style=\"line-height:1.5\">Michel de Certeau, <a href=\"http:\/\/www.gallimard.fr\/Catalogue\/GALLIMARD\/Folio\/Folio-essais\/L-invention-du-quotidien-I\"><em>L&rsquo;invention du quotidien<\/em><\/a>, Collection <a href=\"http:\/\/www.gallimard.fr\/Catalogue\/GALLIMARD\/Folio\/Folio-essais\">Folio essais<\/a> (n\u00b0 146), Gallimard, 1990<\/p>\n\n\n<p style=\"line-height:1.5\">Nicolas Nova, <a href=\"https:\/\/www.metispresses.ch\/fr\/smartphones\"><em>Smartphones. Une enqu\u00eate anthropologique<\/em><\/a>, Gen\u00e8ve, M\u00e9tis Presses, 2020, pr\u00e9face de Dominique Cardon<\/p>\n\n\n<p style=\"line-height:1.5\">Norbert Wiener,<a href=\"https:\/\/www.seuil.com\/ouvrage\/cybernetique-et-societe-norbert-wiener\/9782757842782\"> <em>Cybern\u00e9tique et soci\u00e9t\u00e9, L&rsquo;usage humain des \u00eatres humains<\/em><\/a>, Pr\u00e9face de Ronan Le Roux, Le Seuil, Premi\u00e8re parution (US) en 1952<\/p>\n\n\n<p>Paolo Santarcangeli, Le livre des labyrinthes, \u00c9ditions Gallimard, 1974, premi\u00e8re parution 1967, p398<\/p>\n\n\n<p style=\"line-height:1.5\">Roger Caillois, <a href=\"http:\/\/www.gallimard.fr\/Catalogue\/GALLIMARD\/Folio\/Folio-essais\/Les-jeux-et-les-hommes\"><em>Les jeux et les hommes<\/em><\/a>, Collection Folio essais (n\u00b0 184), Gallimard, Premi\u00e8re parution en 1958<\/p>\n\n\n<p style=\"line-height:1.5\">Tim Ingold, <a href=\"http:\/\/www.zones-sensibles.org\/livres\/tim-ingold-une-breve-histoire-des-lignes\/\"><em>Une br\u00eave histoire des lignes<\/em><\/a><em>, <\/em>Zones Sensibles premi\u00e8re parution en 2011<\/p>\n\n\n<p style=\"line-height:1.5\">Umberto Eco<em> <\/em><a href=\"https:\/\/www.livredepoche.com\/livre\/apostille-au-nom-de-la-rose-9782253044147\"><em>Apostille Au Nom de La Rose<\/em><\/a>,&nbsp; Le Livre de Poche, Premi\u00e8re parution en 1987<\/p>\n\n\n<p style=\"line-height:1.5\">Vil\u00e9m Flusser,<a href=\"https:\/\/www.anthonymasure.com\/articles\/2019-03-post-histoire-vilem-flusser\"> <em>Post-histoire<\/em><\/a> [1982, version fran\u00e7aise in\u00e9dite], propos liminaire de Catherine Geel et postface d\u2019Yves Citton, Paris, T&amp;P Work UNiT<\/p>\n\n\n<p style=\"line-height:1.5\">William Gibson, <a href=\"https:\/\/audiable.com\/boutique\/cat_litterature-etrangere\/neuromancien\/\"><em>Neuromancien,<\/em> Au Diable Vauvert,<\/a> Premi\u00e8re parution en 1984<\/p>\n\n\n<p style=\"line-height:1.5\"><a href=\"https:\/\/www.editions-hyx.com\/fr\/neurones-les-intelligences-simulees\"><em>Neurones, les intelligences simul\u00e9es<\/em><\/a>, Catalogue de l&rsquo;exposition du 26 f\u00e9vrier au 20 avril 2020, Centre Pompidou, \u00c9ditions HYX<\/p>\n\n\n<h5 class=\"wp-block-heading\">Articles <meta charset=\"utf-8\"> &amp;  th\u00e8ses<\/h5>\n\n\n<p><a href=\"https:\/\/usbeketrica.com\/fr\/article\/oeuvrer-emergence-autre-numerique-est-il-impasse\"><em>Oeuvrer \u00e0 l&rsquo;\u00e9mergence d&rsquo;un \u00ab autre num\u00e9rique \u00bb est-il une impasse<\/em><\/a><em> ? Usbek et Rika,<\/em> 31\/05\/2020\u00a0<\/p>\n\n\n<p>Loup Cellard, Anthony Masure, <em><a href=\"https:\/\/www.cairn.info\/revue-multitudes-2018-4-page-100.htm\">Le design de la transparence <\/a>Une rh\u00e9torique au c\u0153ur des interfaces num\u00e9riques<\/em> Dans Multitudes 2018 (n\u00b0 73), pages 100 \u00e0 111<\/p>\n\n\n<p>Thierry Bardini, Serge Proulx,<em> <a href=\"https:\/\/www.cairn.info\/revue-les-cahiers-du-numerique-2002-2-page-35.htm\">La culture du hack en ligne<\/a>, une rupture avec les normes de la modernit\u00e9<\/em>, dans Les Cahiers du num\u00e9rique 2002, (Vol. 3), pages 35 \u00e0 54<\/p>\n\n\n<p>Louise Merzeau, <a href=\"https:\/\/www.cairn.info\/revue-les-enjeux-de-l-information-et-de-la-communication-2009-1-page-79.htm\"><em>Pr\u00e9sence num\u00e9rique : les m\u00e9diations de l&rsquo;identit\u00e9<\/em><\/a>, dans Les Enjeux de l&rsquo;information et de la communication (Volume 2009), pages 79 \u00e0 91<\/p>\n\n\n<p>Nicolas Nova (invit\u00e9) <a href=\"https:\/\/www.letemps.ch\/societe\/nicolas-nova-smartphone-nincarne-une-forme-repli-soi\"><em>\u00abLe smartphone n\u2019incarne pas seulement une forme de repli sur soi\u00bb<\/em><\/a><em>, <\/em>par Florian Delafoi pour Le Temps, le 19 juin 2020<\/p>\n\n\n<p>Adrien Rivierre, <a href=\"https:\/\/usbeketrica.com\/fr\/article\/nous-avons-besoin-imaginaires-collectifs-pas-nouveaux-heros\"><em>Nous avons besoin d&rsquo;imaginaires collectifs, pas de nouveaux h\u00e9ros<\/em><\/a>, Usbek et Rika, le 9 juin 2020<\/p>\n\n\n<p>Internet Actu, <a href=\"https:\/\/usbeketrica.com\/fr\/article\/oeuvrer-emergence-autre-numerique-est-il-impasse\"><em>Oeuvrer \u00e0 l&rsquo;\u00e9mergence d&rsquo;un \u00ab autre num\u00e9rique \u00bb est-il une impasse ?<\/em><\/a><em>, <\/em>Usbek et Rika, le 31 mai 2020<\/p>\n\n\n<p>Kim Stanley Robinson,<em> <\/em><a href=\"https:\/\/www.newyorker.com\/culture\/annals-of-inquiry\/the-coronavirus-and-our-future\"><em>The Coronavirus Is Rewriting Our Imaginations, <\/em><\/a>New Yorker, le 01 mai 2020<\/p>\n\n\n<p>Anthony Masure, <a href=\"https:\/\/www.anthonymasure.com\/articles\/2019-12-resister-boites-noires-design-intelligences-artificielles\"><em>R\u00e9sister aux bo\u00eetes noires. Design et intelligence artificielle<\/em><\/a>, dans Vanessa Nurock (dir) dossier \u00ab L\u2019intelligence artificielle : enjeux \u00e9thiques et politiques \u00bb, Paris, Puf, n\u00b0 80, pages 31 \u00e0 46, d\u00e9cembre 2019<\/p>\n\n\n<p>Anthony Masure, <a href=\"https:\/\/www.anthonymasure.com\/articles\/2018-07-vers-humanites-numeriques-critiques\"><em>Vers des humanit\u00e9s Num\u00e9riques critique<\/em>,<\/a>\u00a0 AOC,\u00a0 5 juillet 2018<\/p>\n\n\n<p>Matthew Crawford,<em> <a href=\"https:\/\/usbeketrica.com\/fr\/article\/trop-souvent-la-machine-fait-tout-pour-toi\">Trop souvent la machine fait tout pour toi<\/a><\/em>,\u00a0 Vincent Edin, Thierry Keller, Usbek et Rika, le 21 d\u00e9cembre 2016<\/p>\n\n\n<p>Maguelone Chandesris,<a href=\"https:\/\/www.cairn.info\/revue-sciences-du-design-2016-2-page-72.htm\"><em> La forme des d\u00e9cisions algorithmiques : quels enjeux pour le design ?<\/em><\/a>, dans Sciences du Design, (n\u00b0 4), pages 72 \u00e0 82, 2016<\/p>\n\n\n<p>Dominique Cardon et Antonio A. Casilli , <a href=\"https:\/\/larevuedesmedias.ina.fr\/quest-ce-que-le-digital-labor\"><em>Qu\u2019est ce que le digital Labor ?<\/em><\/a>, La revue des m\u00e9dias, le 07 septembre 2015, Internet par gros temps<\/p>\n\n\n<p>Institut Montaigne,<a href=\"https:\/\/www.institutmontaigne.org\/ressources\/pdfs\/publications\/algorithmes-controle-des-biais-svp.pdf\"> <em>Algorithmes : contr\u00f4le des biais S.V.P.<\/em><\/a><em>, <\/em>Rapport \u2013 Mars 2020<\/p>\n\n\n<p>Histoire d\u2019une notion : \u00ab gamification \u00bb, l\u2019instrumentalisation du jeu, Par Nicolas Santolaria pour Le Monde, le 03 avril 2019<\/p>\n\n\n<h5 class=\"wp-block-heading\">Podcasts &amp; conf\u00e9rences<br \/><\/h5>\n\n\n<p>Anthony Masure, St\u00e9phane Buellet (intervenants) <a href=\"https:\/\/www.franceculture.fr\/emissions\/la-suite-dans-les-idees\/la-suite-dans-les-idees-du-samedi-26-mai-2018\"><em>Quand le design participe des humanit\u00e9s num\u00e9riques France culture<\/em><\/a><em>, <\/em>La suite dans les id\u00e9es, par Sylvain Bourmeau, le 26 mai 2018<\/p>\n\n\n<p>Catherine Portevin, Jean-Marie Durand (intervenants) <a href=\"https:\/\/www.franceculture.fr\/emissions\/avis-critique\/les-hommes-lents-resister-a-la-modernite-de-laurent-vidal-et-eloge-du-retard-dhelene-lheuillet\"><em>Les Hommes lents, France culture<\/em><\/a>, Avis critique par Rapha\u00ebl Bourgois, 09\/05\/2020<\/p>\n\n\n<p>Dominique Cardon, Herv\u00e9 Le Crosnier, Laurent Vannini (intervenants),  <a href=\"https:\/\/www.franceculture.fr\/emissions\/place-de-la-toile\/de-la-contre-culture-la-cyberculture\"><em>La contre-culture \u00e0 la cyberculture <\/em><\/a>, Place de la toile par Xavier de La Porte, France Culture, 2012.<\/p>\n\n\n<p>Fran\u00e7ois Ansermet, <a href=\"https:\/\/www.franceculture.fr\/emissions\/matieres-a-penser-avec-frederic-worms\/le-cerveau-est-vivant\"><em>Le cerveau est vivant<\/em><\/a><em>, <\/em>dans Mati\u00e8re \u00e0 penser par Fr\u00e9d\u00e9ric Worms, France Culture, 26\/02\/2018<\/p>\n\n\n<p>Hiroshi Ishii,<em> <a href=\"https:\/\/www.youtube.com\/watch?v=tmFRcNlGmcg\">Hiroshi Ishii fait dialoguer homme et machine<\/a> <\/em>&#8211; Tracks ARTE 10 janv. 2019<\/p>\n\n\n<p>Ingrid Burinngton, <a href=\"https:\/\/www.youtube.com\/watch?v=qBkF50pJ7Uo\"><em>Everybody Runs<\/em><\/a><em>,<\/em> Databite No. 102, le 21 juin 2017<\/p>\n\n\n<p>Jean-Claude Dunyach, <a href=\"https:\/\/www.youtube.com\/watch?v=z4XiRiW_g9Q\"><em>Dans quelle histoire allons-nous vivre ? <\/em><\/a>360 Possibles 2017, Innovation, fruit de la passion &#8211; 15,16 novembre 2017 &#8211; Brest, Ateliers des Capucins<\/p>\n\n\n<p>Joy Buolamwini: <a href=\"https:\/\/www.ted.com\/talks\/joy_buolamwini_how_i_m_fighting_bias_in_algorithms\"><em>How I&rsquo;m fighting bias in algorithms<\/em><\/a><em>, <\/em>TEDx, novembre 2016<\/p>\n\n\n<p>Nicolas Bouzou, H\u00e9l\u00e8ne L&rsquo;Heuillet, Myriam Revault d&rsquo;Allonnes (Intervenants)<em> <\/em><a href=\"https:\/\/www.franceculture.fr\/emissions\/le-temps-du-debat\/le-temps-du-debat-emission-du-mercredi-20-mai-2020\"><em>Vivre avec le virus : ralentir ou acc\u00e9l\u00e9rer ? <\/em>France Culture<\/a>, 20\/05\/2020<\/p>\n\n\n<p>Paul Girard, <a href=\"https:\/\/www.lecolededesign.com\/actualites\/datarama3-nantes-digital-week2018-3011\"><em>Datarama #3<\/em><\/a><em> &#8211; <\/em>Conf\u00e9rence, 2018<\/p>\n\n\n<p>Philippe Damier, Alice B\u00e9ja ( intervenant ),<em> <\/em><a href=\"https:\/\/www.franceculture.fr\/emissions\/la-grande-table-2eme-partie\/decider-est-ce-choisir\"><em>D\u00e9cider, est-ce choisir ?<\/em><\/a><em> <\/em>dans la Grande table par <a href=\"https:\/\/www.franceculture.fr\/personne-caroline-broue.html\">Caroline Brou\u00e9<\/a>, France Culture<em>, 2014<\/em><\/p>\n\n\n<p>R. Luke DuBois<em>,<\/em><a href=\"https:\/\/www.ted.com\/talks\/r_luke_dubois_insightful_human_portraits_made_from_data\"><em> Insightful human portraits made from data<\/em><\/a><em>,<\/em> TedTalk septembre 2016<\/p>\n\n\n<p>Yannick Rumpala, Norbert Merjagnan, Natacha Vas-Deyres, <a href=\"https:\/\/www.franceculture.fr\/emissions\/la-methode-scientifique\/la-methode-scientifique-du-vendredi-08-fevrier-2019\"><em>Science-fiction : engagez-vous !<\/em><\/a><em> <\/em>La m\u00e9thode scientifique par <a href=\"https:\/\/www.franceculture.fr\/personne-nicolas-martin.html\">Nicolas Martin<\/a>, France Culture, le 8 f\u00e9vrier 2019<\/p>\n\n\n<p><a href=\"https:\/\/soundcloud.com\/usbeketrica\/technologies-addictives-faut\"><em>Technologies addictives : faut-il un droit \u00e0 l&rsquo;attention ?<\/em><\/a><em> Usbek et Rika, 07\/05\/2020&nbsp;<\/em><\/p>\n\n\n<p><em><a href=\"https:\/\/www.youtube.com\/watch?v=i9GqAoEXULk\">Comment devenir \u00ab\u00a0Cyber invisible\u00a0\u00bb<\/a> <\/em>&#8211; Tracks ARTE, 7 sept. 2016<\/p>\n\n\n<p><\/p>\n\n\n<p><meta charset=\"utf-8\"><a href=\"http:\/\/theseusgame.fr\/easter-eggs\/\" data-type=\"URL\" data-id=\"http:\/\/theseusgame.fr\/easter-eggs\/\">Retour \u00e0 Easter Eggs<\/a><\/p>\n","protected":false},"excerpt":{"rendered":"<p>La lecture des textes associ\u00e9s au Theseus Game est pens\u00e9e comme non lin\u00e9aire, chaque partie est ind\u00e9pendante et peut \u00eatre lue s\u00e9par\u00e9ment. Mais pour d\u00e9bloquer le g\u00e9n\u00e9rique du jeu, il faut \u00eatre particuli\u00e8rement attentif et r\u00e9aliser toutes les combinaisons dans l&rsquo;ordre indiqu\u00e9 par le livret, sans se tromper ! Sur le site du jeu apparait &hellip; <a href=\"http:\/\/theseusgame.fr\/index.php\/debloquer-le-generique\/\" class=\"more-link\">Continuer la lecture<span class=\"screen-reader-text\"> de &laquo;&nbsp;D\u00e9bloquer le G\u00e9n\u00e9rique&nbsp;&raquo;<\/span><\/a><\/p>\n","protected":false},"author":1,"featured_media":0,"parent":0,"menu_order":0,"comment_status":"closed","ping_status":"closed","template":"","meta":{"footnotes":""},"class_list":["post-130","page","type-page","status-publish","hentry"],"_links":{"self":[{"href":"http:\/\/theseusgame.fr\/index.php\/wp-json\/wp\/v2\/pages\/130","targetHints":{"allow":["GET"]}}],"collection":[{"href":"http:\/\/theseusgame.fr\/index.php\/wp-json\/wp\/v2\/pages"}],"about":[{"href":"http:\/\/theseusgame.fr\/index.php\/wp-json\/wp\/v2\/types\/page"}],"author":[{"embeddable":true,"href":"http:\/\/theseusgame.fr\/index.php\/wp-json\/wp\/v2\/users\/1"}],"replies":[{"embeddable":true,"href":"http:\/\/theseusgame.fr\/index.php\/wp-json\/wp\/v2\/comments?post=130"}],"version-history":[{"count":0,"href":"http:\/\/theseusgame.fr\/index.php\/wp-json\/wp\/v2\/pages\/130\/revisions"}],"wp:attachment":[{"href":"http:\/\/theseusgame.fr\/index.php\/wp-json\/wp\/v2\/media?parent=130"}],"curies":[{"name":"wp","href":"https:\/\/api.w.org\/{rel}","templated":true}]}}